 31. Give d(t).
20
Let z(l) be the third derivative of -l**6/120 + 11*l**5/60 - l**4/24 - 89*l**3/6 - 216*l**2 - 5*l + 1. Give z(10).
1
Let l be 4/(-14) - (-46)/14. Let s(u) be the second derivative of 1/2*u**3 + 4*u - 1/2*u**2 + 1. Give s(l).
8
Let w be ((-2)/(-6)*0 + 0)*14/98. Let r(o) = 4*o - 80. Give r(w).
-80
Let t(g) = -3534 + 3560 + 0*g + 11*g - 2*g**2. Determine t(9).
-37
Let p(o) = -3*o**2 + o - 1. Let d(r) = 15 + 2*r**2 - 12 + 5*r**2 - 2*r. Let s(y) = -d(y) - 2*p(y). Calculate s(1).
-2
Let i = 4549 + -4546. Let q(l) = -4*l + 10. Calculate q(i).
-2
Let u(s) be the first derivative of 1/360*s**6 + 1/24*s**5 + 0*s + 7/3*s**3 + 0*s**2 - 19 - 1/8*s**4. Let f(t) be the third derivative of u(t). What is f(-3)?
-9
Let x(p) = p**3 - p**2 - 4*p + 2. Let r be 6/3 + (1 - 3). Suppose r = 11*a - 6*a - 10. Let f be x(a). Let v(g) = 11*g - 2. What is v(f)?
-24
Let u(b) = -b**2 + b + 16. Let o be u(0). Let c be (-2)/(120/o - 7). Let y(n) = -n**3 - 5*n**2 - 5*n - 6. Determine y(c).
-2
Let c = 11 + 40. Let s = -35 + c. Let p be 1/2*(s - 2). Let r(l) = l - 3. Give r(p).
4
Let i(j) = 3 + 94*j - 49*j - 50*j. Let m(v) = -11*v + 7. Let k(o) = -13*i(o) + 6*m(o). Calculate k(4).
-1
Let j be 168/(-9)*(-96)/256 - (1 - -1). Let l(n) = n**2 + 12*n - 91. Give l(j).
-6
Let a be 0*((-260)/(-140))/13. Let d(m) be the third derivative of -7/60*m**5 + 0*m + 11*m**2 - 1/120*m**6 - 3/8*m**4 + a - 1/2*m**3. Determine d(-6).
15
Let x(m) be the third derivative of -m**5/60 + 5*m**4/24 - m**3/6 + m**2. Suppose 3*d - 11*b + 16*b = 22, -24 = -4*d - 4*b. What is x(d)?
3
Suppose 13*v - 11*v = 14. Let o = v - 16. Let b(m) = m + 6. Give b(o).
-3
Let i(x) = -x**2 + 5*x - 1. Let p be i(5). Let c be (1/(-4 + 5))/((-3)/(-843)). Let o(a) = -c*a**2 - 3*a**3 + 1 - 289*a**2 + 568*a**2. Give o(p).
2
Let t(u) be the third derivative of u**9/60480 + u**8/3360 - u**6/360 + 29*u**5/60 - 15*u**2. Let n(w) be the third derivative of t(w). What is n(-6)?
-2
Let o be 4/(-4)*-5*(-15)/(-25). Let k(n) = -7*n - 6*n - n**2 + 19*n + o. What is k(3)?
12
Let k(y) = -16*y + 25*y - 9*y**2 + 12*y**2 - 8*y**2 - 10*y. Calculate k(-1).
-4
Let x(n) = -16*n + 96. Let m be x(22). Let f = m - -261. Let b(o) = o**3 - 7*o**2 + 11*o - 6. What is b(f)?
-1
Let l(k) = 11*k**3 + k**2 + 2*k + 2. Let q(y) = -58*y**3 - 39*y**2 - 23*y - 19. Let h(z) = -5*l(z) - q(z). Determine h(-11).
-13
Let o(v) = -3*v**2 + 9*v. Let c(p) = -13*p**2 + 35*p + 1. Let s(q) = 2*c(q) - 9*o(q). Let f be (10 + 22/(-4)*2)/((-4)/20). What is s(f)?
-28
Let g(p) = p**2 - 7*p + 6. Let c(t) = -7*t. Let k(r) = -111*r. Let v(l) = 33*c(l) - 2*k(l). Let u be v(-2). Let n = u + -12. Determine g(n).
0
Let n(q) = q**3 - 7*q**2 + 4*q + 2. Let y be (7 - 11 - -3) + 6. Give n(y).
-28
Let g(b) = 21*b**2. Let n(x) be the third derivative of -x**6/120 + 2*x**5/5 - 3*x**4/4 - 19*x**3 + 7*x**2 + 19*x. Let a be n(23). What is g(a)?
21
Suppose 18*f - 290 + 393 + 383 = 0. Let r(l) = 2*l + 54. What is r(f)?
0
Let m(w) = 89*w**2 + 4*w - 49. Let y(k) = 19*k**2 + k - 10. Let h(r) = -3*m(r) + 14*y(r). Give h(6).
-17
Suppose -133*b = -129*b. Let s be (-7)/(35/20) - b/3. Let k(x) be the third derivative of -x**6/120 - x**5/15 - x**3/6 + 2*x**2. What is k(s)?
-1
Let i(x) = -x**3 + 5*x**2 - x. Let w be (0 + 3)*(-2)/(-6). Suppose 5*s = 3*z + 45, 4*z - 20*s = -24*s - 60. Let u be (-3)/w*25/z. What is i(u)?
-5
Let q(u) be the second derivative of 1/2*u**2 + 0 + 5/6*u**3 - 130*u. Calculate q(-1).
-4
Suppose 57*s = 29*s + 1736. Suppose 24 = s*o - 66*o. Let p(w) = w**2 + 3*w - 1. Calculate p(o).
17
Let d(o) = -5*o - 1. Let y be (3 - (5 + 0))*-1. Suppose 4*p = -0*t + 3*t - 11, -t = -y*p - 3. Give d(p).
-6
Let m(c) = 6*c**3 + 1 + 2*c**2 + 0*c**2 - 2*c + 4*c. Let q be ((-39)/2535*-13)/(2*(-1)/10). Calculate m(q).
-5
Let u(x) be the second derivative of 9*x**5/20 + x**4/6 + x**3/3 - x**2/2 + 7911*x. Calculate u(-2).
-69
Let q(v) = v**3 - 5*v**2 - 2*v + 10. Suppose 5*r = 2*g - 19, -3*r + 2*r = -2*g + 7. Let h be -12*16/(-24) + r. What is q(h)?
0
Suppose -4*k + q = -125, 2 = -5*q - 23. Let c = 3 + k. Suppose -z = 10*z - c. Let m(v) = -v**3 + 3*v**2 - v + 1. Determine m(z).
-2
Let o be 10/(40/(-12)) + 1*13. Suppose -5*x = -o, -3*l + 4*x + 20 = 2*x. Let t(u) = 22 - l - 3*u - 13. What is t(-1)?
4
Let j(t) = -8*t - 48. Let o(l) = 3*l + 21. Let s(m) = -2*j(m) - 5*o(m). What is s(26)?
17
Let g(z) be the third derivative of 101*z**2 + 5/3*z**3 + 0*z + 1/120*z**6 - 7/24*z**4 - 1/12*z**5 + 0. What is g(6)?
4
Let d = 12252 + -12253. Let m(o) be the first derivative of -5*o**2/2 + 2*o + 2. Give m(d).
7
Let z(i) = i**3 + 3*i**2 - 6*i - 10. Let g be z(-4). Let j be ((-6)/(-3))/((8/(-2))/g). Suppose 2*s = -3 + j. Let x(a) = -a**3 + 2*a**2 + 2*a + 1. What is x(s)?
2
Let s(m) = -m**3 - 7*m**2 + 10*m - 14. Suppose 2*u = -31*w + 34*w + 28, 0 = 3*u - 6. Calculate s(w).
-30
Let q(k) = k**3 + 19*k**2 - k - 27. Let g(o) = 73*o**3 + o**2 - 2*o. Let i be g(1). Suppose 376 - i = -16*w. Calculate q(w).
-8
Let z(i) = -i - 1 - 2 + 0*i. Let q(g) be the second derivative of 67*g**3/6 - 677*g**2/2 - 440*g. Let u be q(10). Determine z(u).
4
Let r(v) = -3*v + 9. Let t(f) = f**3 + 9*f**2 + 18*f + 76. Let m be t(-8). Give r(m).
21
Let c(f) = 33*f + 5*f + 389 + 18*f - 16*f + 4*f. Calculate c(-9).
-7
Let m(b) = 35*b - 1. Suppose 0 = -8*p + 183*p + 175. Determine m(p).
-36
Let r(g) = g**3 + 5*g**2 - 2*g - 12. Let o(f) = 2*f**3 + 10*f**2 - 3*f - 23. Let a(s) = -6*o(s) + 11*r(s). Let h(w) = -6*w - 10. Let d be h(-1). Calculate a(d).
6
Let h = 121 - 119. Let o(t) be the third derivative of -t**5/60 + t**4/6 - t**3 - 219*t**2. Calculate o(h).
-2
Let f(q) = 62*q - 59*q - 700 + 690. Determine f(1).
-7
Let d(y) = -23*y + 700. Let o be d(0). Let x = o - 696. Let s(a) = 5*a - 1. What is s(x)?
19
Let i be (-5)/(-2)*((-203)/(-35) + -5). Suppose -4*r + 28 = r - i*d, r - 4*d - 20 = 0. Let a(m) = -2*m - 4. Determine a(r).
-12
Let n(f) = 5 + 309*f**2 - 9*f - 678*f**2 + 370*f**2. Determine n(0).
5
Let o(b) = -5*b**2 + 33*b + 831. Let w be o(-10). Let u(l) = 4*l - 4. Give u(w).
0
Let p(s) = -19*s + 47. Let c(t) = -48*t + 98. Let z(b) = -2*c(b) + 5*p(b). Give z(-25).
14
Suppose 39458*i = 39424*i + 68. Let s(n) = -n**2 + 11*n - 13. Give s(i).
5
Let m = -10 - -42. Let o = m + -30. Let s(x) = -1 + o*x**3 - x + 19*x**2 - 19*x**2 + 0*x**3. Determine s(2).
13
Let l(m) = -m - 8. Let g be l(-10). Let k(o) = -15*o**2 - 1 - 2*o**2 - o + g*o**2. Suppose 0 = 5*h + 3*c - c - 1, -3 = -c. Calculate k(h).
-15
Let x(n) = 7*n + 5. Let u(r) = -28*r - 19. Let y be 93/31 + (-24)/(1 + 1). Let p(o) = y*x(o) - 2*u(o). Determine p(-5).
28
Let f be (-478)/13 + (-72)/312 + (-21)/3. Let n(r) = -10*r - 448. What is n(f)?
-8
Let u(i) be the first derivative of i**2 + 23*i + 4472. Determine u(-9).
5
Suppose y + 4 = -0, -4*v - y + 16 = 0. Suppose 0*c = -4*c + 2*t + 20, t = -2*c + 2. Let q(l) = -c*l**2 + 7*l - 188 + 2*l**2 + 193. Give q(v).
15
Let a(s) = -s**3 + 2*s + 4. Suppose 2*j + 5*j = 0. Let h be a(j). Let k(z) = 5*z. Let r(b) = -6*b. Let i(l) = -5*k(l) - 4*r(l). Determine i(h).
-4
Let r = -45 + 63. Suppose -4*t = -p - 15 + r, -3*p - 15 = 0. Let j(f) = 1. Let v(u) = 2*u - 4. Let z(w) = -2*j(w) - v(w). Give z(t).
6
Let i be (-1 - (-7)/3)/(76/114). Let w(a) be the third derivative of a**6/120 - a**5/30 - a**4/8 + a**3/6 + 97*a**2 - 3. What is w(i)?
-5
Let n = 97 + -91. Let i be (-14)/(-8) - ((-75)/12 + n). Let l(g) = -g + 9*g**i + 0*g + 1 - g + 4*g. Calculate l(-1).
8
Suppose 11 = 3*j - 3*o - 1, 3*j - 5*o - 16 = 0. Let l(b) = -4 + 4 + 2*b + 2 + j*b - 1. Determine l(5).
21
Let h(g) = g - 26 + 35 - 2*g**3 + g - 2*g**2 + 4*g**2. Let y(x) = 3*x**3 - 3*x**2 - 3*x - 17. Let w(t) = 5*h(t) + 3*y(t). Let l = -2 + 2. Determine w(l).
-6
Let j(p) = 2*p - 15. Suppose 3*h - 3*t + 16 = -8*t, -2*t - 4 = 2*h. Suppose -l = -0*r - r, -h*l + 5*r - 10 = 0. What is j(l)?
-5
Suppose -9*a + 7*a - 10 = -4*z, -z = -5*a - 16. Let r be (25 + -80)*z/(-5). Let f(c) = c**3 - 11*c**2 + 5*c - 5. Calculate f(r).
50
Let i(q) = 9*q + 10. Let y(p) = -17*p - 13. Let a(d) = 6*d + 5. Let g(c) = -7*a(c) - 2*y(c). Let f(v) = -3*g(v) - 2*i(v). Give f(-5).
-23
Let h(i) = -i**3 + 7*i**2 + i + 2. Let x be (-1*(6 + -4))/((-1)/4). Let d(o) = 16*o - 9*o - 1 + 17 - x*o. Let f be d(9). What is h(f)?
9
Let a(f) = -15*f**2 